ivided by 4?
3
Calculate the remainder when (1 + -7)*135/162 - -375 is divided by 75.
70
Suppose -k = -2*q - 149, 4*q - q - 5*k = -220. Let n = -47 - q. Suppose -4*v + 2*u = -n, 2*v + v = 4*u + 26. Calculate the remainder when 18 is divided by v.
0
Let c(a) = -a**2 + 33*a - 24. What is the remainder when 527 is divided by c(30)?
65
Suppose 4*i - 3*t - 33 = 0, -5*i + t - 3*t = -47. Let r(s) = s + 5. Calculate the remainder when i is divided by r(-3).
1
Suppose -4*x + 5*u = -438 - 166, 4*u = 4*x - 604. What is the remainder when x is divided by 22?
19
What is the remainder when 412 is divided by 0 - ((2 - 23) + 3)?
16
Calculate the remainder when 359 is divided by (-1 - 103)/(-2*1/1).
47
Suppose -2*z + 2*l - 80 - 48 = 0, -4 = -2*l. Let i = z - -75. Calculate the remainder when 49 is divided by i.
10
Let k(n) = n + 4. Suppose 0 = 35*a - 37*a - 6. Let l be k(a). Suppose -z + 3 + l = 0, -3*z = 4*t - 244. What is the remainder when t is divided by 15?
13
Suppose 0 = -44*i + 13584 - 164. What is the remainder when i is divided by 28?
25
Suppose 9*d - 272 - 142 = 0. Calculate the remainder when d is divided by 0/3 + -2 + 19.
12
Let t(m) = m**3 - 6*m**2 + 8. Suppose -p + 3*a + 29 = 0, 3*a - 3 - 52 = -5*p. What is the remainder when p is divided by t(6)?
6
Suppose 0 = k - 79 + 14. Calculate the remainder when k is divided by 34.
31
Suppose 4*v - 10*p + 12*p = 2686, 3*v - 3*p = 2037. Calculate the remainder when v is divided by 25.
24
Let m = 392 + -56. Calculate the remainder when m is divided by 68.
64
Suppose 84 = 4*v - 7*v. Let h(j) = -j**2 - 2*j - 7. Let q be h(3). Let i = q - v. What is the remainder when 21 is divided by i?
3
Suppose -88 = -5*j + 317. Suppose -5*p = 5*y - 165, -2*p + 2*y - y + j = 0. Let g(t) = t**2 - t + 1. What is the remainder when p is divided by g(-3)?
12
Suppose 19 = 2*s + 3*q, -5*q = s - 7*q + 1. Suppose 5*v = 4*h + 53, -2*v + 6*v + 3*h = 61. Calculate the remainder when v is divided by s.
3
Suppose 34*f = 44*f - 690. Calculate the remainder when f is divided by 24.
21
Let h(w) = 2*w - 13. Suppose 2*m = 2, 0 = -4*z + 5*m - 4*m + 27. Calculate the remainder when h(11) is divided by z.
2
Let m(w) = -8*w - 1 - w**2 - w - 1. Suppose -4*l + 2*l + 82 = 2*a, 2*l - 4*a - 112 = 0. What is the remainder when l is divided by m(-6)?
14
What is the remainder when 67 + -5*(-3)/(-15) is divided by 35?
31
Suppose 0 = 3*b - 3*v - 48, 5*v - 9*v = -2*b + 38. Calculate the remainder when 18 is divided by b.
5
Let w(r) = -r**3 + 8*r**2 + 5*r + 6. Let a be w(8). Suppose -a*x = -42*x - 112. Calculate the remainder when 52 is divided by x.
24
Let l = -3 - -5. Suppose 2 + 178 = 6*k. Suppose -3*t + k = -3*p, -5*t + 26 = 2*p + p. Calculate the remainder when t is divided by l.
1
Let x(o) = 55*o**2 - 2*o. Calculate the remainder when x(-1) is divided by 11.
2
Let a = 0 - -7. What is the remainder when 18 is divided by a?
4
Let p(m) = 17*m**3 - 2*m**2 + 1. Let y be 3 - 6/((-9)/(-3)). Calculate the remainder when 1*(-46)/6*36/(-6) is divided by p(y).
14
Suppose -3*t = 3*m - 645, -5*t - m + 1096 = -3*m. What is the remainder when (-33)/(-44) + t/8 is divided by 18?
10
Let i(c) = -c**3 + 5*c**2 + 6*c + 2. Let m be i(6). Let p = 119 + -74. What is the remainder when p - m/(-6)*3 is divided by 12?
10
Calculate the remainder when 174 is divided by (-879)/(-21) + 14/98.
6
Let i(w) = 8*w**3 - 3*w**2 + 3*w - 2. Let t(o) = -o**2 + 1. Let p be t(1). Suppose -j + 15 = -p*j. Calculate the remainder when i(2) is divided by j.
11
Let q(r) = -143*r**3 - 3*r**2 - 5*r - 1. Let o be q(-1). Suppose -5*a + o = -3*f, -5*f = -7*a + 6*a + 42. Calculate the remainder when 213 is divided by a.
24
Suppose 66*v - 65*v - 261 = -3*x, 0 = -3*v - 9. What is the remainder when x is divided by 23?
19
Suppose -2*h + 322 = 2*y, 78*h - 80*h + 654 = 4*y. Calculate the remainder when y is divided by 30.
16
Let m = -5052 - -7191. Calculate the remainder when m is divided by 102.
99
Let r = 7 - 2. Calculate the remainder when ((-9)/6 - -1)*-88 is divided by r.
4
Suppose -5*g = -2*g - 72. Calculate the remainder when g is divided by (-528)/(-32)*6/9.
2
Suppose 3*y = y - 4, 3*t - y = 11. Suppose 57 = t*j - 0*j. Let f(n) = -n**3 - 24*n**2 - 30*n + 342. What is the remainder when f(-22) is divided by j?
15
Let v(m) = 3*m**2 - 44*m - 33. Let k(a) = a**2 - 15*a - 11. Let d(j) = 17*k(j) - 6*v(j). Let s = -32 - -41. What is the remainder when 52 is divided by d(s)?
8
Suppose 183 = n + 4*f, -12 = 5*f + 13. Calculate the remainder when n is divided by 52.
47
Calculate the remainder when 1 - 0 - 282*(-28)/42 is divided by 32.
29
Let u(a) = 45*a - 2. Let x be u(1). Suppose -6*h + 7*h - x = 0. Let w = 5 - -6. Calculate the remainder when h is divided by w.
10
Let a = 165 + -49. Suppose -5*j - i + 184 = -a, j = 3*i + 76. Suppose -4*h = 3*k - 77, h = 2*k - 2*h - 74. What is the remainder when j is divided by k?
30
Let x be 4 + 4*(-2)/2. Suppose f - 2*l - 56 = x, 87 = 2*f + 4*l - 3*l. What is the remainder when f is divided by 16?
14
Suppose -86*f - 85 = -89*f - 2*b, 0 = 2*f - 5*b - 82. What is the remainder when 123 is divided by f?
30
Suppose 12*j - 954 - 114 = 0. Calculate the remainder when j is divided by 32.
25
Suppose -5*z + 486 = 5*l - 144, -3*l + 4*z + 357 = 0. Calculate the remainder when l is divided by (-2)/((-854)/(-217) + -4 + 0).
30
What is the remainder when 110 is divided by 7047/405 - 4/10?
8
Let s(o) = 45*o - 237. Suppose 5*m + 4*w - 6 = 33, -3*w = 3*m - 21. Calculate the remainder when s(6) is divided by m + (-1)/(-2 - -1).
9
Suppose -5*t - 2*w + 108 = 0, -2*t + w + 46 = -w. Suppose 3*j - 28 = 2*b, -4*j + 7 = -b - t. Let y = 6 + j. Calculate the remainder when 59 is divided by y.
11
Let j(l) = -2*l**3 + 26*l**2 + 78*l - 52. What is the remainder when j(15) is divided by 16?
10
Let u = -55 - -53. What is the remainder when 49 + (4/u - -2)/3 is divided by 13?
10
Suppose 0 = 11*p - 16*p - 3*m + 311, 4*m = -3*p + 180. Let y = -77 - -110. Calculate the remainder when p is divided by y.
31
Suppose 4*d - 2*d - 11 = 5*w, 2*w - 4 = 5*d. Let y = w + 7. Suppose -2*f = y*c - 0*c - 32, 38 = 3*f - 4*c. What is the remainder when 40 is divided by f?
12
Suppose 0 = 40*w - 36*w + 460. Suppose 2*m - 4*m + 197 = -3*z, m = 5*z + 340. Let l = z - w. What is the remainder when l is divided by 16?
14
Let r(b) = -b + 12. Suppose -7*d + 156 + 600 = 0. Calculate the remainder when d is divided by r(-10).
20
Suppose -m + 20*m = 57. What is the remainder when m is divided by 3?
0
Let y(u) = u**3 - 8*u**2 - 20*u + 11. Let l = -117 - -169. Calculate the remainder when l is divided by y(10).
8
Suppose -3*s + 25 = n, -5*s + 5*n = -33 - 22. Calculate the remainder when 22 is divided by s.
4
Suppose 16 = f + 5. Let n(j) = -25*j + 4. Calculate the remainder when n(-2) is divided by f.
10
Let v(z) = -7*z**3 - z**2 - z + 2. Let g be v(-2). Suppose -2*k - k + 12 = 0. Suppose 8*q = k*q + g. Calculate the remainder when q is divided by 5.
4
Suppose 0 = -2*t + a - 6*a + 3, 0 = -5*a - 5. Let v be 7 + 1 + 0 + -3. Calculate the remainder when (-1)/(-5) + 29/v is divided by t.
2
Let k = 29 + -29. Suppose 2*o - 3 - 9 = k. What is the remainder when 10 is divided by o?
4
Let c = 7 + -20. Let q = -12 - c. What is the remainder when 37 is divided by 1/1*(q - -7)?
5
Let w = -29 + 43. Let m(x) = -3*x - 14. Let j be m(-6). Suppose 0 = -3*q + j*l + 74, -5*q + 105 = -4*l - 21. What is the remainder when q is divided by w?
12
Let l(n) = n + 44. Let b be l(0). Let k = 6 + b. Calculate the remainder when k is divided by 26.
24
Suppose -3*p - j - 3*j + 55 = 0, -4*j = -5*p + 49. What is the remainder when 61 is divided by 4*(p/4 - -2)?
19
Calculate the remainder when (-54)/(4 - (108/8)/3) is divided by 33.
9
Let b = -355 - -470. Suppose a - 5*a = -156. What is the remainder when b is divided by a?
37
Let p = 24 - 20. Suppose -p*r - 4*g + 0*g = 0, 5*g + 12 = r. Calculate the remainder when 3 is divided by r.
1
Let b(a) = a**3 - a**2 + 2. Let p be b(0). Suppose s + p*s = 39. Let y(x) = -2*x - 131. What is the remainder when s is divided by y(-68)?
3
Let m(g) = -g**3 - 9*g**2 - 6*g - 4. Let d be m(-6). Let c = -30 - d. Calculate the remainder when 137 is divided by c.
45
Suppose -3*x = t - 1, -3*x + t = -t - 16. Suppose 4*v = q + 29, 5*v - 17 -